2 + 7*a + 6. Calculate the remainder when d(-1) is divided by 27.
20
Suppose -260 = -4*s - 9*s. Calculate the remainder when 34 is divided by s.
14
Suppose -275*r + 207 = -266*r. What is the remainder when r is divided by 18?
5
Let y = 228 + -220. What is the remainder when 29 is divided by y?
5
Let z(u) = -u + 8. Let p be z(-12). Let w = p - 11. Calculate the remainder when 52 is divided by w.
7
Let p = -65 - -100. Let r = 85 - -54. Calculate the remainder when r is divided by p.
34
Suppose -n = -0*n + 1188. Suppose -4*i + 235 = i. Calculate the remainder when i is divided by n/(-48) + 2/8.
22
Let y be 24/8 - (-1 + 0). Suppose 40 - y = 3*f. What is the remainder when 22 is divided by f?
10
Suppose -460 = -2*t + 50. Suppose 10 = 2*w, 5*n = -0*n + 2*w + t. What is the remainder when 158 is divided by n?
52
Let b(v) = 6*v**2 - 20*v + 293. What is the remainder when b(9) is divided by 40?
39
Suppose 4*o - 8 = 4*h - 124, 3*h + 4*o = 59. Let i = -14 + h. Let n(t) = 28*t - 136. Calculate the remainder when i is divided by n(5).
3
Let r = -30 - -33. Suppose -5*t = r*q - 485, 0*q - 307 = -3*t - 5*q. Calculate the remainder when t is divided by 24.
22
Suppose -6*u = -119 + 47. Calculate the remainder when 330 is divided by u.
6
Suppose -2*j + 157 = u - 134, 3*u = -2*j + 285. What is the remainder when j is divided by 49?
0
Let g = -6 + 11. Let h be 5/(100/8) - (-4)/(-10). Suppose t - 3*t + 6 = h. What is the remainder when g is divided by t?
2
Suppose z - j - 48 = j, 205 = 5*z - 3*j. Let y = -314 + 324. What is the remainder when z is divided by y?
8
Let x(a) = 2*a**2 + 14*a + 19. Let w(m) be the second derivative of -2*m**3/3 - 5*m**2 - 4*m. What is the remainder when x(-8) is divided by w(-7)?
17
What is the remainder when 1/3 - (-626)/3 is divided by 56?
41
Let n(f) = f**3 - 10*f**2 - 10*f + 3. Calculate the remainder when n(11) is divided by 12.
2
Calculate the remainder when (1 - 1) + 245/14*6 is divided by 56.
49
Let m be 0 + 1 + -5 + -12. What is the remainder when 44*((-44)/m - 2) is divided by 9?
6
Suppose 2*r - 7*r + 350 = 0. Let m = -277 + 295. Calculate the remainder when r is divided by m.
16
Calculate the remainder when (-11364)/(-28) + (-116)/(-28) + -5 is divided by 17.
14
Let k(l) = -2*l**2 - 53*l + 41. What is the remainder when 333 is divided by k(-26)?
65
Let r(a) = -a**3 + a**2 + 8*a + 25. Calculate the remainder when r(-8) is divided by 54.
51
Suppose -5*h = 10, 0 = 4*g + h - 26 - 260. Calculate the remainder when g is divided by 11.
6
Let j be -1 - -3 - 4/(-1). Suppose 28 = 2*d - j. What is the remainder when 31 is divided by d?
14
Let a be 57*-1*35/(-21). Let w = a + -89. Calculate the remainder when 17 is divided by w.
5
Let w be (-3 - (-22)/4)*2. Suppose -21 = -w*s + 44. Calculate the remainder when 101 is divided by s.
10
Suppose 543 = 2*m + 9*y - 12*y, 3*y + 1083 = 4*m. Let o = -37 - -58. Calculate the remainder when 49 is divided by m/o - 2/(-14).
10
Suppose -12*r = -10*r - 48. What is the remainder when 141 is divided by (-2)/3 + 880/r?
33
Suppose 0 = 2*x - 3*x + 2*r - 4, 4*r - 12 = 3*x. Suppose 5*q + 2*c - 414 = 0, -2*c + 412 = 5*q - c. Calculate the remainder when q is divided by -2*52/(-8) - x.
14
Let g = 28 + -14. Suppose -b - 5*x + g = -2*x, -2*x = -2*b - 4. What is the remainder when 5*(b + (-68)/(-5)) is divided by 20?
18
Let j(f) = -6*f - 1. Suppose -6*k = 2*z - 10*k - 42, 2*z - 52 = -k. Suppose -5*u + 10 = -z. What is the remainder when j(-2) is divided by u?
4
Suppose -4*i + 0*i + 408 = 0. Let n(f) = 2*f**2 - 20*f - 2673. What is the remainder when i is divided by n(-32)?
12
What is the remainder when 78 is divided by (28/4 - 3)/(4/16)?
14
Let m = 1334 + -1312. Calculate the remainder when m is divided by 4.
2
Let r be 520/48 - 2/(-12). Suppose -14*g + r*g = -63. Calculate the remainder when 40 is divided by g.
19
Let a(k) = k**3 + 5*k**2 - 16*k + 12. What is the remainder when a(-6) is divided by 31?
10
Suppose d - 5*n - 33 = 0, 3*n = 2*d - 2*n - 46. Suppose -5*b - 26 = -2*w, 2*w - b - 46 = -4. What is the remainder when w is divided by d?
10
Suppose 5*v = 2*v - 3*q, 5*q + 3 = -2*v. What is the remainder when v/(3 + 53/(-18)) is divided by 196/(-84)*(-2 + 1)*3?
4
Suppose 0 = -4*j - 5*c + 8 - 142, -2*c = 5*j + 176. Let v = 45 + j. Calculate the remainder when (5*3)/(0 + 1) is divided by v.
6
Suppose 0 = 5*m - 8*m. Suppose m = -4*c + 89 + 27. Calculate the remainder when c is divided by 10.
9
Suppose 5*j + 101*t - 10121 = 97*t, 0 = 3*t - 12. Calculate the remainder when j is divided by 11.
8
Let o(g) = -8*g - 1. Let n(i) be the second derivative of -i**3/6 - 4*i. Let a(k) = -5*n(k) + o(k). What is the remainder when 30 is divided by a(-4)?
8
Suppose 204 = 218*q - 184*q. Suppose -y = -3, -98 = -4*b - 5*y + 3*y. Calculate the remainder when b is divided by q.
5
Suppose 177*d - 180*d + 189 = 0. What is the remainder when 181 is divided by d?
55
Let t = -7 + 36. What is the remainder when t is divided by 15?
14
Suppose 0 = -s + 4*f + 15 + 99, 132 = s + 2*f. Calculate the remainder when s is divided by -11 - (-14 + 25 - 38).
14
Let a = 11 + -4. Let i(k) = 12*k**2 - 19*k - 26. What is the remainder when i(3) is divided by a?
4
Let i = 13 - 25. Let g be (i/(-9))/(3/9). Calculate the remainder when 16 is divided by (60/35)/(g/14).
4
What is the remainder when 163/2 + (-31)/62 is divided by 22?
15
Let d be (-1 + -6)*(1 + 0)/1. What is the remainder when ((-1 - 205) + d)*1/(-3) is divided by 25?
21
Suppose -3*r + 2*y = -420, -3*r - 4*y + 569 = 167. Calculate the remainder when r is divided by 30.
18
Let y be (-6)/(-2)*6/9. Let g be -2 - y/(-2) - 2. Calculate the remainder when 25 is divided by (14 - (1 + g)) + -3.
12
Let h = 1 + 2. Suppose -m - 4*f = -h*f - 23, 5*m - 5*f - 85 = 0. Suppose -5*a + 443 = 153. Calculate the remainder when a is divided by m.
18
Suppose -5*t = -5*s + 4480, 2*s - s - 5*t = 904. What is the remainder when s is divided by 28?
26
Suppose 2*x = -3*x + 5. Let m(a) = 14*a**3 - 2*a**2 + 1. What is the remainder when 22 is divided by m(x)?
9
Let n = 402 + -386. Calculate the remainder when 446 is divided by n.
14
Let l(y) = -2*y - 2. Let j be l(-15). What is the remainder when 68 is divided by j - ((-5 - -3) + 6)?
20
Suppose 0*w = -4*w + 12. Suppose 3*d - 18 = h, 30 = w*d - 4*h - h. What is the remainder when (18/7)/((-11)/(-77)) is divided by d?
3
Suppose -90*t + 2263 = -59*t. Calculate the remainder when 138 is divided by t.
65
Let s = -19 + 21. Suppose 3*h + s*h - 30 = 0. What is the remainder when 17 is divided by h?
5
Suppose -2*p - 198 = -11*p. What is the remainder when 84 is divided by p?
18
Suppose -5*r + 2*t - 5*t = 0, -t = 4*r - 7. Suppose -2 + 7 = 5*o, 3*o = q + 30. What is the remainder when 23 is divided by r/(-2) - q/2?
11
Let b(r) = -40*r + 4. Let w be b(-7). Let j = w + -171. Calculate the remainder when j is divided by 23.
21
Let c(v) = -v**3 - 2*v. What is the remainder when 283 is divided by c(-4)?
67
Let d = -27 - -45. Let g(r) = -r**3 + 17*r**2 + 17*r + 20. Let s be g(d). Calculate the remainder when 10 is divided by s/(-3) + (-84)/(-18).
2
Suppose -2*d - 59 = -3*k, -k + 1 = -4*d - 12. Suppose -16*n = 2*n - 702. Calculate the remainder when n is divided by k.
18
Let t = -367 + 431. Suppose p - 3*v = 9, 0 = 2*p - 0*p - 5*v - 17. What is the remainder when t is divided by p?
4
Suppose -15 = -7*s + 4*s. Suppose -5*z - 4*t = -t - 102, s*t + 110 = 5*z. Calculate the remainder when 81 is divided by z.
18
Let s = 9 + 2. Let j = 29 + 71. Let w = j + -57. What is the remainder when w is divided by s?
10
Let p(z) = -z**3 - 11*z**2 + 8*z + 8. Calculate the remainder when 386 is divided by p(-12).
50
Suppose -4*c + 7*c + 378 = 0. Calculate the remainder when (c - -3)/3*(-3 + 0) is divided by 14.
11
Let v(r) = r**3 - 5*r**2 + 2*r + 5. Let w be v(5). Let c be (-7)/3*-1*w. Suppose 3*n - c = 22. Calculate the remainder when n is divided by 10.
9
Let w(t) = 23*t**2 - 12*t - 6. What is the remainder when w(-3) is divided by 30?
27
Suppose 8*n - 5*n - 539 = 2*p, -4*n + 3*p = -719. What is the remainder when n is divided by 13?
10
Calculate the remainder when 148 is divided by 2232/120 + (-4)/(-10).
15
Calculate the remainder when 248 is divided by (-1 - (160/24 + -7))*-9.
2
Let s be (0 + -1)*-1 + 